of u/6 - (-2)/3.
2, 5
Let h(z) = z - 4 + 0 + 1. Let f be h(3). Suppose f*b + b = 2. List the prime factors of b.
2
Suppose 4*r = -2*t + 4*t - 116, -4*r + 208 = 4*t. List the prime factors of t.
2, 3
Suppose 13*n - 9*n - 484 = 0. List the prime factors of n.
11
Let u be (-1)/1 + (-2)/(-2). Suppose 3*d - 2*d + 2 = 0. Let i = u - d. What are the prime factors of i?
2
Suppose -5 = m - 3*c, c + 0*c = -2*m + 11. Let g(t) = t**3 - 5*t**2 + 5*t + 2. Let z be g(m). List the prime factors of (z/(-1))/(1 - 2).
2, 3
Suppose -2*t + v + 150 = 0, -16 - 61 = -t + v. List the prime factors of t.
73
Suppose -37 = 5*l - 4*p, 8*l = 3*l - 4*p - 13. Let k(u) = 2*u**2 + 1 - 2*u - u**2 + 4*u. What are the prime factors of k(l)?
2
Let y(g) be the third derivative of -g**5/60 + 2*g**4/3 - 8*g**3/3 + 6*g**2. List the prime factors of y(11).
3, 13
Suppose 6 = -2*w + 3*w. List the prime factors of (-52)/w*(-6)/4.
13
Suppose 153 = j - 4*y, -3*y + 6*y + 560 = 4*j. Let b = -77 + j. List the prime factors of (-2)/(2/b*-4).
3, 5
Let p(c) = c**2 + 0*c**2 + 6 + 0*c - 7*c. Let a be p(5). List the prime factors of (7 + -5)*(-14)/a.
7
Suppose 0 = 3*r - 55 - 17. List the prime factors of r.
2, 3
Let t = 22 - -32. Suppose 2*c - 8 = t. What are the prime factors of c?
31
Let l(p) = -4*p + 8. What are the prime factors of l(-5)?
2, 7
Suppose 5*c + 4*u - 33 = 0, -3*c + u + 7 = -3*u. Let h be 1/2 + (-438)/(-12). Suppose 0*p = p - 3, c*p - h = -2*b. List the prime factors of b.
11
Let q be -1 + -6*1/(-2). List the prime factors of q/(-4) - (-20)/8.
2
Let o = 0 - -4. Suppose -19 = -i - 0*i + 3*c, c = o*i - 54. List the prime factors of i.
13
Suppose -4*x - 56 = -0*x. Let j = x - -47. What are the prime factors of j?
3, 11
Let d = 4 + -3. Let h be (1 - (d - 0))/(-2). Suppose h = -2*n + 14 + 6. List the prime factors of n.
2, 5
Let y(u) = u**3 + 5*u**2 + 7*u + 6. Let h be y(-3). Let b(r) be the second derivative of r**3/2 - r**2 - r. List the prime factors of b(h).
7
Let g(o) = o - 1. Let u(m) = -2*m - 1. Let h(r) = 4*g(r) - 2*u(r). List the prime factors of h(2).
2, 7
Let x be ((-12)/(-10))/(1/(-5)). Let r be 32/40*5/(-2). Let a = r - x. List the prime factors of a.
2
Suppose 175 = 5*s + 2*i, -2*s - 4*i + 41 = -29. Suppose -1 = 4*h + s. List the prime factors of (-6)/9 + (-96)/h.
2, 5
Let t be (-15)/1*(-1)/3. Suppose t*h - p = 2*h, 0 = -2*p. Let x = h + 8. What are the prime factors of x?
2
Let g = -28 + 124. List the prime factors of g.
2, 3
Suppose 4*d = -4, 3*l + d = -0*d - 7. List the prime factors of 4*l/(-8) + 36.
37
Let c(t) = t**3 + 3*t - 3. List the prime factors of c(3).
3, 11
Let l(o) = 4*o**2. Let v(h) = -h**3 - h**2 + 2*h - 1. Let k be v(2). Let f(c) = -c - 10. Let m be f(k). What are the prime factors of l(m)?
2
Let l = -77 + 135. What are the prime factors of l?
2, 29
Let l(b) = 3*b**2. Let m be l(-1). Let z(w) = 0 - 1 - 3 - 2 - m*w. List the prime factors of z(-7).
3, 5
Let s(h) = h**2 - 7*h + 8. Let p be s(6). Suppose -3*c - p*c + 30 = 0. What are the prime factors of c?
2, 3
Let r = 0 - 6. Let t(l) = -4 + l + 11 + 7. List the prime factors of t(r).
2
Let g = 14 - 8. Suppose -4*o - 10 = -g*o. Suppose 3*d = o*d - 4. What are the prime factors of d?
2
Suppose 0 = 2*l + 2*l. Suppose -6 = 2*j + 4*r, l = 5*j - 5*r - 60. Suppose 7*x - 2*x - j = u, 0 = 2*u + 3*x - 12. What are the prime factors of u?
3
Suppose 8*c - 170 = 3*c. What are the prime factors of c?
2, 17
Let j be (-96)/(-42) - (-4)/(-14). Suppose -5*q - 5 = 0, j*q + q = -3*k + 18. What are the prime factors of k?
7
Let i = 7 - 10. Let p = 17 - i. List the prime factors of p.
2, 5
Suppose 5*v = -5*h + 1155, 138 + 97 = h + 3*v. List the prime factors of h.
229
Let v = -22 - -46. What are the prime factors of v?
2, 3
Suppose -4*m + 120 = m - 5*h, 2*h = -2. Suppose m + 2 = 5*u. List the prime factors of u.
5
Let y(a) = 6*a - 8. What are the prime factors of y(5)?
2, 11
Suppose 0 = 3*s + 8 - 80. What are the prime factors of s?
2, 3
List the prime factors of (77 - (-2 + 6)) + -1 + 4.
2, 19
Let p = -3 - -29. Let z = p + -17. Suppose -q = 1, y - 4*q - 6 = z. What are the prime factors of y?
11
Let y(x) = 2*x**2. Let m be y(1). Suppose m*u - 3*u = -21. What are the prime factors of u?
3, 7
Suppose p = -0*p + 2. What are the prime factors of 21 + -5 - (p - -1)?
13
Let v = -29 + 64. List the prime factors of v.
5, 7
Suppose -2*s = 5*h - 12, 2*h - s - 3 = -0. Suppose h*d - 5*d = -153. Suppose d - 19 = 4*t. List the prime factors of t.
2
Suppose 8 = -4*r + 24. List the prime factors of ((-6)/(-9))/(r/186).
31
Let h = -4 - -4. List the prime factors of (1 + h - -3) + 1.
5
Let j = 150 - 65. What are the prime factors of j?
5, 17
Suppose -o - 3*w = -187, -o - 4*w = -4*o + 496. Suppose -3*a = 3*n - 8*n + o, -3*n - 4*a = -80. What are the prime factors of n?
2
Let o(k) be the second derivative of k**4/12 + k**3/3 - k**2/2 - k. What are the prime factors of o(-5)?
2, 7
Suppose -2*j + 330 = -2*y, j = -0*j + 3*y + 173. What are the prime factors of j?
7, 23
Let u(f) = -f**2 - 7*f - 3. Let m be u(-4). Suppose 29 = 2*v + m. List the prime factors of (-8)/20 - (-74)/v.
7
Let t(c) = 2*c**2 - 5*c + 7. What are the prime factors of t(6)?
7
Suppose 0 = 5*x + 10. Let f(t) = -t**3 + 3*t**2 + 4*t - 1. Let c be f(4). What are the prime factors of (-10)/2*(x - c)?
5
Suppose 23*t - 19*t = 948. What are the prime factors of t?
3, 79
Let i = 8 - 4. Suppose 4*a - 42 = 2*f, i*a + 3*f - 7 = -2*f. Suppose 3*l + a = 44. What are the prime factors of l?
2, 3
What are the prime factors of (3 - 7) + 16 + (2 - 2)?
2, 3
Suppose 0*h + 5*h = 15, 3*h - 60 = 3*q. Let o = q + 29. List the prime factors of o.
2, 3
What are the prime factors of ((-4752)/(-135))/(1/5)?
2, 11
Suppose 75*j = 73*j + 254. List the prime factors of j.
127
Suppose 0 = -4*r + r + 12. Let q(c) = 4*c + 4 + 3*c + c**3 - 2*c - 5*c**2. What are the prime factors of q(r)?
2
Let z = 20 + -10. List the prime factors of z.
2, 5
Suppose l = -0*l + 40. What are the prime factors of l?
2, 5
Let i(g) = -g**3 - 7*g**2 - 7*g - 3. Let f be i(-6). Let j(b) = -b**3 + 6*b**2 - 6*b + 6. Let y be j(5). Let k = f + y. List the prime factors of k.
2
Let b = 57 - 27. Let q be (6/4)/(1/14). Let d = b - q. List the prime factors of d.
3
Suppose 4*v - 5*x - 182 = 0, -4*v - 2*x + 56 = -140. Suppose 72 = 3*o + 2*w + 3*w, -2*o - 4*w + v = 0. List the prime factors of o.
2, 3
Let p = 53 + -3. What are the prime factors of p?
2, 5
Let k be (14/(-28))/((-2)/280). Suppose -k = -3*c + c. What are the prime factors of c?
5, 7
Suppose 5*j = -2*l + 20, 2*j - 8 = -l - 0*l. List the prime factors of j.
2
Let n(r) = r**3 + 12*r**2 + 8*r + 1. Let w be n(-11). List the prime factors of w/(-1*(0 + -2)).
17
Let k be 2/10*12*5. Suppose k + 108 = 3*v. List the prime factors of ((-6)/(-8))/(5/v).
2, 3
Let f = 24 - 19. List the prime factors of f.
5
Suppose f + 541 = 4*z, -11 = -2*z - f + 252. What are the prime factors of z?
2, 67
Suppose g - 326 = -5*r + 108, -360 = -4*r - 4*g. Let w = r - 49. What are the prime factors of w?
37
Let i = -12 - -5. Let k be 9*(-3)/(-9)*i. Let z = k + 29. List the prime factors of z.
2
Suppose k + 5 = 0, -2*a - 2*k + 105 = -7*k. List the prime factors of a.
2, 5
Let v(f) = 28*f + 14. Let l be v(7). Suppose 2*x = -3*x + l. List the prime factors of x.
2, 3, 7
Suppose 3*b = b + 12. Suppose 4 = 4*r, -3*h - 2*r - 8 = 2*r. Let t = b - h. What are the prime factors of t?
2, 5
Let v(f) = 4*f - 7. List the prime factors of v(4).
3
Let q(y) = -y - 6. Let l be q(7). Let v = 24 + l. List the prime factors of v.
11
Let n = -10 - -16. Let y(l) = 2*l - 8. Let h(z) = 4*z - 17. Let r(q) = -2*h(q) + 5*y(q). List the prime factors of r(n).
2, 3
Let h(x) = 4*x**2 - 11*x - 10. List the prime factors of h(8).
2, 79
Let s = 0 + -4. List the prime factors of (-1 - s/4) + 24.
2, 3
Let t(g) = 5*g**2 - 3*g + 2. Suppose -4*r + 3*h + 11 = 4*h, -5*r + 5*h - 5 = 0. What are the prime factors of t(r)?
2
Let d(y) = -4*y + 27. Let g(h) = h - 9. Let s(v) = -2*d(v) - 7*g(v). Let x be s(-6). What are the prime factors of (x/(-2))/(3/(-16))?
2
Suppose 0 = -2*z + 3 + 5. Suppose -a - z*k + 6 = a, -23 = -4*a + 3*k. Suppose -2*v - 3 = j + 2*v, v = a*j - 48. What are the prime factors of j?
3
Let w(h) = -7*h - 14. List the prime factors of w(-7).
